i - 5 = -5*i. Let o(j) = -j**2 - 7*j - 5. Calculate o(i).
5
Suppose -5*n + 3*k = 17, -3*n - 10 = -k - k. Let o(p) = 0*p**2 - 6 + 10 + 2*p**2 + 5*p + 2*p. Give o(n).
8
Let d(r) = r**3 + 3*r**2 - 4*r + 1. Let s = -356 + 359. Calculate d(s).
43
Suppose 3*f = 6*f. Suppose 4 + f = 2*m. Let v(j) = -7*j - 6 + 5 - j - m*j. Calculate v(-1).
9
Let y(x) = x**3 + 11*x**2 - 12*x + 13. Let n = 2509 + -2521. What is y(n)?
13
Let o(h) be the second derivative of h**3/2 + 15*h**2/2 - 17*h. Let f be o(-6). Let b(k) = k**3 + 3*k**2 - k - 2. Calculate b(f).
1
Suppose 4*n = 5*q + 32, -2*n + 13 = -4*q - 3*n. Let p(a) = -4 + 1 - 1 - 5*a + 6*a. Give p(q).
-8
Suppose -2*w - 1 - 17 = 3*u, 0 = 2*w - u + 18. Let s(m) = 12*m**2 + m**3 - 5*m - 10 - 4*m**2 - m - 4*m. Calculate s(w).
-1
Let s(i) = -3*i - 5. Let n(l) = -2*l + 1. Let f(v) = -2*n(v) - s(v). Determine f(-2).
-11
Let n = 12 - 22. Let k = n - -7. Let v(r) = -r**2 + 4. Let o be v(k). Let b(w) = -2*w - 7. Calculate b(o).
3
Let z be 15 + 2 + (-2)/2. Suppose 5*t = -2*v - z, 2*v = -t + v - 2. Let q(k) = -k**3 - 3*k**2 + 2*k + 2. What is q(t)?
10
Let i(w) be the first derivative of -w**6/120 - w**5/60 - w**4/24 - 19*w**3/6 - 11*w**2/2 - 32. Let c(o) be the second derivative of i(o). Give c(0).
-19
Let v = 19 + -10. Let t be 15/v - (-1)/3. Let j(a) = -1 - 21*a + 13483*a**2 - 13482*a**2 + 23*a. Calculate j(t).
7
Suppose 17 = -s - 42. Let c = 56 + s. Let b(f) = f**2 - f - 2. What is b(c)?
10
Let p(w) be the third derivative of w**5/60 + w**4/8 + 182*w**2. Calculate p(-3).
0
Let z = 0 + 4. Suppose 0 = -2*p - 0*n - n + 586, -3*n - 1192 = -4*p. Let a(v) = -p - 2*v + v**2 + 298 - v. Determine a(z).
7
Let a(p) = -5*p**2 + 5*p + 4. Let q(b) = 11*b**2 - 11*b - 9. Let t(v) = -13*a(v) - 6*q(v). Suppose 0 = -4*c + 5*c - 2. Determine t(c).
0
Let q(p) = -7*p**2 - p. Let f be (-2 - 332/16)*-4. Let l = -90 + f. Determine q(l).
-8
Let p(l) be the second derivative of l**5/20 - l**3/3 + l**2/2 + l. Let c be (-6 - 80/(-15))/((-8)/12). Determine p(c).
0
Let h = 3519 - 3525. Let v(o) = -o - o + o + 0. Give v(h).
6
Let z be (1/(-4))/(2/(-8)). Let j be -4 + 6 - z/(-1). Let m(t) = 0*t - 2*t + t - 2 + j*t. Determine m(4).
6
Suppose 0 = 6*x - 4*x. Let u(p) = p**3 - p**2 - p + 7. Let k be u(x). Let n = 10 - k. Let g(o) = -o - 4. What is g(n)?
-7
Let k(c) be the second derivative of -c**5/20 - c**4/3 + 4*c**3/3 + 5*c**2/2 - c. Suppose 0 = -3*r - 5*y + 3, r + 2*y = -3*r + 4. Let p = -6 + r. What is k(p)?
-10
Let z(m) = -m - 15. Suppose 6*s + 4*s = 50. Suppose 1 = -s*h - i - 59, 5*i = -3*h - 58. What is z(h)?
-4
Let a(c) = -3*c + 31. Let b(x) = -13*x + 128. Let i(y) = 9*a(y) - 2*b(y). Give i(0).
23
Let t(v) = 2. Let k(q) = q + 4. Let j(y) = -2*k(y) + 3*t(y). Suppose -6*i + 24 = -2*i. Suppose -i = 3*b - n, -1 + 3 = -b - 3*n. Determine j(b).
2
Let s(f) = -f - f - 303*f**2 + 317*f**2. Give s(2).
52
Let i(y) = y**3 + 2*y. Let n(q) = 7*q**3 + q**2 + 9*q + 1. Let u(w) = -6*i(w) + n(w). Give u(-3).
-8
Suppose -4*w - 7 - 5 = 0. Let b be (w/(-4))/((-3)/(-24)). Let d(a) = 135*a - 134*a + b - 1. Give d(5).
10
Let v(u) = 2*u**2 + 13*u - 5. Let p(l) = l**2 + 6*l - 2. Let a be p(-7). Let s(t) = t**2 + 7*t - 3. Let c(j) = a*s(j) - 3*v(j). Give c(-3).
3
Let k = -769 + 764. Let v(r) = -r**3 - 4*r**2 + 3*r - 8. Determine v(k).
2
Let w(g) = 4*g**2 + 3*g - 4. Let q be 4*3/(-4)*-4. Suppose x = 5*x + q. Determine w(x).
23
Let y(w) = -2*w - 23. Suppose 123 = -9*p + 6. What is y(p)?
3
Suppose 4*v + 26 + 2 = 0. Let t(l) be the second derivative of 0 + 5*l**2 + 1/20*l**5 + 3/2*l**3 + 2/3*l**4 + 3*l. Give t(v).
-4
Let c(k) = k + 4. Let z be c(-6). Let j be 1/2 - 1/z. Let m(o) = -o**3 + o**2 - o + 1. What is m(j)?
0
Let h(p) = 16 + p + 6 + 11 + 2*p - 26. Suppose 3*f - 4*q = -26 - 12, 10 = 2*q. Calculate h(f).
-11
Let z(a) = a**2 + 10*a - 5. Let b = 1404 + -1413. What is z(b)?
-14
Let v(b) = b**3 - 6*b**2 + 5. Let z be v(6). Let i(k) = -8*k**2 - 7*k**2 - 7*k + 3*k**2 + 7 + 13*k**2. Calculate i(z).
-3
Let r(a) = 13 + 0 - 81*a + 0 + 0 + 78*a. What is r(6)?
-5
Suppose 2*w - 40 = -2*w + 2*l, 12 = 4*w + 5*l. Let i(o) = -14*o**2 + 21*o - 2. Let m(r) = -5*r**2 + 7*r - 1. Let v(n) = 4*i(n) - 11*m(n). Calculate v(w).
-5
Let d be ((-606)/4)/3*20/(-10). Let o(l) = -d + 100 - 3*l**2 + l**2 - 2*l. Give o(-1).
-1
Let c be (((-10)/3)/((-4)/6))/1. Suppose 3*x + 1 = 4, -u - 6 = -c*x. Let b(s) = 2 - 4*s**2 - 2*s - 3 - 7*s**2. Give b(u).
-10
Suppose -25 + 1 = -12*o. Let w be -2*(1/o + -1). Let d(y) = -5*y**3 - y. Calculate d(w).
-6
Let r be (3 + -7)/(-4) + 1. Let q(y) = -1 + 48*y + r*y**2 + y**3 - 48*y. What is q(-2)?
-1
Let b be ((-5)/(-3 + 2))/((-50)/(-30)). Let x(z) = -z**2 - z - 6. What is x(b)?
-18
Let c(k) be the third derivative of k**6/90 - k**4/24 + k**3 - k**2. Let r(j) be the first derivative of c(j). Let v be (1/3)/((-7)/21). What is r(v)?
3
Let q(o) = -3*o**2 + 16*o - 2. Let d be q(5). Let l(v) = v - d*v + v + 2*v + 9. Give l(-11).
-2
Suppose -5*s + 3*h = -25, 3*s - 63 = -3*h - 24. Let i(r) = -r**2 + 8*r - 10. Let f be i(6). Suppose 0 = n - s + f. Let q(x) = x - 2. What is q(n)?
4
Suppose -28*s = -31*s + 9. Let p = 13 - 9. Let w(b) = p - 2 - 4 + b. What is w(s)?
1
Suppose -2*f = 18 + 2. Let n(c) = 2*c + 17. Let g be n(f). Let d(h) = 0 - h**3 + 3*h - 2*h**2 + 0. Calculate d(g).
0
Let c = 213 + -221. Let y(p) = p**2 + 6*p + 9. Calculate y(c).
25
Let t(b) = -b**3 + 6*b**2 - 4*b + 5. Suppose -23*r = -194 + 79. Calculate t(r).
10
Let u be (-7 - 10/(-5))*(-2 + 1). Let a(g) = -3 + 0*g - u*g + 7*g. Determine a(4).
5
Let h(w) = -29*w**3 - 1 + 2*w + 39*w**3 + 0. Let m be ((-6)/12)/((-1)/2). Let a = 2 - m. Determine h(a).
11
Let z = 17 - 16. Suppose 28*x - 29*x + z = 0. Let l(i) = 4*i - 1. What is l(x)?
3
Let l = 331 + -329. Let u(s) = 17*s - 2. Calculate u(l).
32
Let m(c) = c**3 + 6*c**2 + 4*c + 1. Let u be m(-5). Let p(a) = a + u - 5*a + 0*a**2 + a**2 - 3*a. What is p(5)?
-4
Let o(n) = n**3 + 6*n**2 + 5*n + 6. Let v be (0 - 2)*(9 - 1). Suppose 63 = 5*z - 26*u + 28*u, 2*z + 5*u = 42. Let k = v + z. Determine o(k).
6
Suppose -3*v - 3*d - 6 = -0*v, -6 = 3*v + 5*d. Let k(y) = 1148*y - 1150*y + 0 + 1. What is k(v)?
5
Let r(j) be the first derivative of 7*j**2/2 + 6*j - 442. What is r(-3)?
-15
Suppose 198 = -11*q + 8*q. Let i = -71 - q. Let r(t) = t**3 + 6*t**2 + 5*t - 7. Determine r(i).
-7
Let j(k) = 2*k - 5. Let d(m) = m**3 - 11*m**2 + 11*m - 6. Let i be d(10). Determine j(i).
3
Let b(l) = -1. Let u be 2 - (4 - (-12)/(-3)). Let q(o) = -o + 4. Let r(p) = u*b(p) - q(p). Determine r(6).
0
Suppose 2*s = 2*d + 2, -s - 23 = -3*s - 5*d. Let j(t) = -t**3 + 4*t**2 - t - 4. Determine j(s).
-8
Let d(j) = j**2 - 10*j + 9. Let u = -132 - -130. Let m be 6*(u - -1)*(-3)/2. Determine d(m).
0
Suppose -111 = 18*w - 201. Let m(b) = b**2 - 2*b - 4. Give m(w).
11
Let y(c) be the second derivative of 11*c**3/3 - c**2/2 + 2*c - 168. Give y(1).
21
Let g(t) = 2*t - 4*t - 8 + 0. Let n be g(-2). Let c be ((-5)/(-10))/(1/n). Let y(z) = 2*z + 2. Calculate y(c).
-2
Suppose -2*o + 0*o = -0*o. Let h(u) be the third derivative of 0 + o*u - u**2 + 0*u**3 + 1/24*u**4. Give h(4).
4
Let q(m) = -m - 5. Let z be (5 - (15/5 + 2))*-1. What is q(z)?
-5
Let v be ((-2)/(-20)*0)/((-8)/4). Let i(l) = -5*l**2 + 4*l**2 + 0*l**2 - 10. What is i(v)?
-10
Let r(u) = -2*u + 23. Suppose -31*b = 18*b - 686. Determine r(b).
-5
Let m(a) be the second derivative of -a**3/2 - 2*a**2 + 5*a + 1. Determine m(-3).
5
Let m(t) = -t**2 + 5*t - 6. Let k(y) = y**2 + 25*y + 51. Let z be k(-23). What is m(z)?
-6
Let g = -5 - -17. Let j(p) = -p + 9 - 7*p**2 - p**3 + g*p + 0*p - 2*p. Let b be j(-8). Let r(n) = 6*n**2 + n - 1. Determine r(b).
6
Suppose -v + 26 = 19. Let c(i) be the second derivative of i**4/24 - i**3/2 - i**2 - 2*i. Let j(y) be the first derivative of c(y). Calculate j(v).
4
Let n(m) = -16*m + 11. Let u be n(0). Let d(h) = -h**2 + 13*h - 26. Give d(u).
-4
Let p(r) = r**2 - r + 31. Suppose 0 = 118*c - 117*c. Give p(c).
31
Let u(z) be the first derivative of 1/20*z**5 + 1/6*z**3 - 5/12*z**4 + 5*z - 1/2*z**2 + 3. Let c(a) be the first derivative of u(a). What is c(5)?
4
Let d be (-2)/(-4) - (-150)/12. Let r = d - 12. Let l(v) = 2*v + 0 - 6 + r. What is l(4)?
3
Let g(s) = s**3 - 4*s**2 - s - 3. Suppose -19 = 5*x - 4. Let h be ((-12)/7)/(x/21). Suppose